7 = 0. What are the prime factors of x?
2, 19
Let k(o) = -6*o**3 + 24*o**2 - 50*o + 45. Let s(f) = f**3 - 5*f**2 + 10*f - 9. Let p(j) = 2*k(j) + 11*s(j). What are the prime factors of p(-10)?
191
Suppose -34 - 10 = -11*q. Let z(c) = 3 + q - 15*c + 0 + 24. List the prime factors of z(-6).
11
Let m(s) = 95*s**2 - 99*s + 1596. What are the prime factors of m(18)?
2, 3, 5099
Let m be 1/(12/80)*(140 - -1). Let j = -619 + m. What are the prime factors of j?
3, 107
Let a = 93500 + -65728. List the prime factors of a.
2, 53, 131
Suppose -t + 31 = 28. Suppose -6*m - 5*k - 40 = -3*m, t*k + 57 = -4*m. What are the prime factors of 129 - m/(8 - 3)?
2, 3, 11
Let x = -215 + 1. Let u = x + 232. What are the prime factors of u?
2, 3
Suppose 294444 = 28*r - 130148. What are the prime factors of r?
2, 17, 223
Let t be 7 - (-2)/3*6849. Suppose 40*m - t = 1307. List the prime factors of m.
3, 7
Let l = 206 - 111. Let i = -70 + l. List the prime factors of i.
5
Let k(f) = 57*f + 31. Let c(b) be the third derivative of -43*b**4/12 - 23*b**3/3 + 31*b**2. Let m(t) = -5*c(t) - 8*k(t). List the prime factors of m(-6).
2, 3, 23
What are the prime factors of (-4)/(-7) - (759717/(-49) + 3)?
2, 23, 337
Let o = 8 - 8. Let f(v) = v**3 - v**2 + 2*v + 80. Let y be f(o). Suppose -c = -y - 13. List the prime factors of c.
3, 31
Let d = -117 - -123. Let x(v) = 77*v - 115. What are the prime factors of x(d)?
347
Let g(r) = -r**3 + 5*r**2 + 6*r + 1. Let b be (-3 - (-21)/9)*(-90)/12. Suppose -3*t - 5 = -5*u, -2*u + b + 8 = t. What are the prime factors of g(t)?
31
Let m(g) be the third derivative of -11*g**4/8 - 17*g**3/2 - 14*g**2 - 4*g. What are the prime factors of m(-18)?
3, 181
Suppose -97*y - 127*y = -218062 - 550706. List the prime factors of y.
2, 3, 11, 13
Let b = 339 - 357. What are the prime factors of (-1 - (-5208)/b)/((-1)/3)?
13, 67
Let t(z) = -z**2 - z + 61. Let c(i) = i**2 + 30. Let x(v) = 5*c(v) - 2*t(v). List the prime factors of x(-12).
2, 11, 23
Let d = 101 - 99. Let z be 0 + d + 3 + -8. Let s(w) = -6*w**3 + w**2 - 4*w + 5. List the prime factors of s(z).
2, 47
Let w(y) be the third derivative of y**5/60 - y**4/2 + 13*y**3/3 + 19*y**2. Let z be w(9). List the prime factors of z/4*(4186/(-7) - 6).
151
List the prime factors of 105/15 - 28/4 - -632.
2, 79
Let a(j) = -3*j**2 - j - 1. Let l(i) = i**2 - 5*i + 15. Let o(u) = -6*a(u) + l(u). What are the prime factors of o(4)?
7, 47
Let r(w) = 659*w**3 - 2*w**2 + 153*w - 455. List the prime factors of r(3).
23, 773
What are the prime factors of ((-9)/(315/(-10)))/((-2)/(-51163))?
7309
Suppose -19*x + 15*x = 144. Let j = x - -69. Suppose -30 - j = -3*t. List the prime factors of t.
3, 7
Suppose 87*f - 86*f = 4*j + 5765, 5*f - j - 28825 = 0. What are the prime factors of f?
5, 1153
Suppose -4718 = -2*a - 5*p, -27 = 2*p - 19. List the prime factors of a.
23, 103
Let s = -11796 - -23860. What are the prime factors of s?
2, 13, 29
Let n be (1/3)/((-2)/(-96)). Suppose -10 = -5*v, -957 = -5*a - 12*v + n*v. What are the prime factors of a?
193
Suppose 2*q = -3*w + 204 + 474, q - 329 = -4*w. Let c = -244 + q. Let t = c + 61. List the prime factors of t.
2, 3
Let t(u) = -306*u - 5. Let o(p) = 1530*p + 26. Let a(h) = 2*o(h) + 11*t(h). List the prime factors of a(-1).
3, 101
Let a = -16419 + 71335. What are the prime factors of a?
2, 13729
Let u = -3347 - -7779. List the prime factors of u.
2, 277
Let a = 50 - 50. Let c(l) = -l**2 - 2*l + 4. Let f be c(a). Suppose f*w - 5*w = -161. List the prime factors of w.
7, 23
Let y = -69 - -77. Let a be ((-2)/y)/((-23)/1196). Suppose -3*u + a = -47. What are the prime factors of u?
2, 5
Let d be (-1)/4 + 4977/84. Suppose d - 7 = -4*p. Let s = p + 77. What are the prime factors of s?
2
Let u = 661 + -1048. Let v = u + 547. Suppose 3*j - v = -49. List the prime factors of j.
37
Suppose -19*w + 24*w = 5415. Suppose -9*p + 5790 = w. List the prime factors of p.
523
Let m(k) = 33*k**2 - 7*k - 1351. List the prime factors of m(33).
5, 6871
Suppose 80*x = -1594 - 4806. Let q be (-1 + 12)*17/(-1). Let l = x - q. List the prime factors of l.
107
Suppose -3*n + 15*n = -288. What are the prime factors of 3*(281/6 + (-4)/n)?
3, 47
Let y = 3262 - 2685. List the prime factors of y.
577
Let y(h) = 86*h**2 - 76*h + 535. List the prime factors of y(7).
4217
Let t(r) = 628*r + 5417. What are the prime factors of t(25)?
3, 7039
Let a(b) = -4572*b + 447. What are the prime factors of a(-2)?
3, 23, 139
Let o(r) = 60*r - 2*r**3 + 67 - 120*r + r**2 + 59*r - 9. Suppose 0 = j + 2*j. What are the prime factors of o(j)?
2, 29
Let d = -76 - -121. Suppose 312 = -d*h + 47*h. List the prime factors of h.
2, 3, 13
Let g be (-6)/9 - (2/(-3) + 3). Let v be (-10)/(-15) - (-305)/g. Let u = 206 + v. What are the prime factors of u?
3, 5, 7
What are the prime factors of (44/20)/(849036/121290 - 7)?
11, 13, 311
Let m(w) = -13*w**3 - 298*w**2 + 17*w + 157. What are the prime factors of m(-26)?
5, 5351
Let z(j) = 2*j**3 + 21*j**2 - 228*j + 23. List the prime factors of z(16).
61, 163
Let l = -81 - -88. Suppose -20*q + l*q = -5681. What are the prime factors of q?
19, 23
List the prime factors of 22/(-12) + (-14329511)/(-294).
2, 3, 8123
Let f be (-1 - 6)*2*3/(-7). Suppose f*u - 4*u = 0. What are the prime factors of ((-4)/10)/(4/(-880)) - u?
2, 11
Suppose 66*y - 36*y = 213570. List the prime factors of y.
3, 7, 113
Suppose 2*l - 8*l = 6. Let a(c) = -304*c + 4. Let x be a(l). Let z = x + -219. List the prime factors of z.
89
Let r(u) = 95*u**2 - 559*u + 6326. List the prime factors of r(11).
2, 1459
Suppose 0*z = -4*z - 44. Let h(d) = d**3 + 12*d**2 + 9*d - 1. Let q be h(z). Suppose -q + 40 = i. What are the prime factors of i?
19
Let z(t) be the third derivative of 0 + 0*t - 1/12*t**4 + 76/3*t**3 - 1/120*t**6 - 14*t**2 + 1/20*t**5. What are the prime factors of z(0)?
2, 19
Let g be (582/8)/(36/144). Suppose 0 = 5*t - m - 252 - g, 2*t = m + 216. What are the prime factors of t?
109
Suppose 11*d - 41925 - 26427 = -20073. List the prime factors of d.
3, 7, 11, 19
Suppose -309*j + 149*j = -146*j - 248052. What are the prime factors of j?
2, 3, 2953
Let d = -4537 - -13998. List the prime factors of d.
9461
Suppose -28*a + 433650 = 57666. What are the prime factors of a?
2, 3, 373
Let l(r) = -2*r**3 + 35*r**2 + 20*r - 34. Let t be l(18). Suppose t*b + 3*c - 152 = 0, 0 = -b + 4*b + 2*c - 228. What are the prime factors of b?
2, 19
Let z(h) = -2*h - 9. Let c be z(-6). Suppose 8*n - d + 3494 = 14*n, c*n - 3*d - 1761 = 0. What are the prime factors of n?
11, 53
Suppose 6*w - 4*w = -40. Let x be -1 + (12/10 - (-4)/w). Suppose 2*p - 33 - 43 = x. What are the prime factors of p?
2, 19
Let n(p) = 176*p + 9. Let s(w) = w**2 - 5*w + 10. Let k be s(3). List the prime factors of n(k).
23, 31
Suppose 0 = 27*k - 25*k + 2*c - 21728, -5*k - c = -54296. What are the prime factors of k?
2, 61, 89
Suppose 0 = -132*v + 146*v - 476. Suppose v*z + 4072 = 42*z. List the prime factors of z.
509
Let g be (-30)/(-2) + (8 - 9). Let z be (1 - g/(-4)) + 33/(-22). Suppose -z - 24 = -v. What are the prime factors of v?
3
Let p be (301 + -1)/5 - -4. Let x = -66 + p. What are the prime factors of -12*(x - 30/5)?
2, 3
Let t be (-2065)/(-30) - ((-19)/6 - -3). Suppose -8*h = -5*h - t. Suppose 17*i = h*i - 1026. What are the prime factors of i?
3, 19
What are the prime factors of ((-38087)/(-9) - 7) + 1/9 + 4?
4229
Let p be ((-7)/(21/2))/((-6)/27). Suppose -p*j - 42*v + 44*v + 1793 = 0, -5*j + 4*v = -2987. What are the prime factors of j?
599
Let n be (-14)/(-77) - 35245/(-55). Let s = 1392 - n. What are the prime factors of s?
751
Suppose 17*j - 21*j = 2*y - 73302, 3*j - 54989 = -4*y. What are the prime factors of j?
73, 251
Let n(c) be the third derivative of 0*c - 13/6*c**3 - 1/120*c**6 + 0 - 1/6*c**5 + 20*c**2 - 1/12*c**4. What are the prime factors of n(-11)?
2, 5, 13
Suppose 0 = -0*j - 5*j + 5*m + 515, 515 = 5*j + 5*m. Let d = 76 - j. Let z = d - -39. List the prime factors of z.
2, 3
Let x(a) = -a**3 + a**2 - 2*a + 734. Let v = -658 + 658. What are the prime factors of x(v)?
2, 367
Suppose f - 5*f + 52 = 0. Let j(z) = z**3 + 4*z**3 - 12*z**2 + f - 11*z - 4*z**3. What are the prime factors of j(13)?
3, 13
Let o(y) = y**3 + 26*y**2 - 203*y + 79. List the prime fac